{"id":45,"date":"2024-11-21T14:37:55","date_gmt":"2024-11-21T14:37:55","guid":{"rendered":"https:\/\/drbartoszmalek.pl\/?page_id=45"},"modified":"2025-04-03T19:17:25","modified_gmt":"2025-04-03T19:17:25","slug":"kontakt","status":"publish","type":"page","link":"https:\/\/drbartoszmalek.pl\/index.php\/kontakt\/","title":{"rendered":"Kontakt &#8211; um\u00f3w wizyt\u0119"},"content":{"rendered":"\n<div class=\"wp-block-columns is-layout-flex wp-container-core-columns-is-layout-6880d07a wp-block-columns-is-layout-flex\" style=\"padding-top:0;padding-bottom:0\">\n<div class=\"wp-block-column is-layout-flow wp-block-column-is-layout-flow\">\n<p>Szpital \u015aw. El\u017cbiety Lux Med Onkologia<br>ul. Goszczy\u0144skiego 1<br>02-616 Warszawa<br>tel. 22 120-20-37<\/p>\n\n\n\n<p><a href=\"http:\/\/www.szpitalse.pl\" target=\"_blank\" rel=\"noopener\" title=\"\">www.szpitalse.pl<\/a><\/p>\n\n\n\n<p>Operacje w zakresie chirurgii og\u00f3lnej w trybie komercyjnym i NFZ, zabiegi flebologiczne, poradnia chirurgiczna i flebologiczna<\/p>\n<\/div>\n\n\n\n<div class=\"wp-block-column is-layout-flow wp-block-column-is-layout-flow\">\n<div class=\"wp-block-columns is-layout-flex wp-container-core-columns-is-layout-28f84493 wp-block-columns-is-layout-flex\">\n<div class=\"wp-block-column is-layout-flow wp-block-column-is-layout-flow\" style=\"flex-basis:100%\"><div id=\"wpgmza_map\" class=\"wpgmza_map\" data-settings='{\"id\":\"1\",\"map_title\":\"SE\",\"map_width\":\"100\",\"map_height\":\"200\",\"map_start_lat\":\"52.195261899606784\",\"map_start_lng\":\"21.02134863061244\",\"map_start_location\":\"45.950464398418106,-109.81550500000003\",\"map_start_zoom\":\"16\",\"default_marker\":\"\",\"type\":\"1\",\"alignment\":\"4\",\"directions_enabled\":\"0\",\"styling_enabled\":\"0\",\"styling_json\":\"\",\"active\":\"0\",\"kml\":\"\",\"bicycle\":\"0\",\"traffic\":\"0\",\"dbox\":\"0\",\"dbox_width\":\"\",\"listmarkers\":\"0\",\"listmarkers_advanced\":\"0\",\"filterbycat\":\"0\",\"ugm_enabled\":\"0\",\"ugm_category_enabled\":\"0\",\"fusion\":\"\",\"map_width_type\":\"%\",\"map_height_type\":\"px\",\"mass_marker_support\":\"0\",\"ugm_access\":\"0\",\"order_markers_by\":\"0\",\"order_markers_choice\":\"0\",\"show_user_location\":\"0\",\"default_to\":\"\",\"other_settings\":{\"map_type\":1,\"sl_stroke_color\":\"\",\"sl_fill_color\":\"\",\"sl_stroke_opacity\":\"\",\"sl_fill_opacity\":\"\",\"transport_layer\":false,\"action\":\"wpgmza_save_map\",\"redirect_to\":\"\\\/wp-admin\\\/admin-post.php\",\"map_id\":\"1\",\"http_referer\":\"\\\/wp-admin\\\/admin.php?page=wp-google-maps-menu&amp;amp;action=edit&amp;amp;map_id=1\",\"wpgmza_id\":\"1\",\"wpgmza_start_location\":\"52.195261899606784,21.02134863061244\",\"wpgmza_start_zoom\":\"16\",\"wpgmza_theme_data\":\"\",\"store_locator_enabled\":false,\"store_locator_search_area\":\"radial\",\"wpgmza_store_locator_radius_style\":\"legacy\",\"wpgmza_store_locator_default_radius\":\"10\",\"store_locator_auto_area_max_zoom\":\"\",\"store_locator_distance\":false,\"wpgmza_store_locator_position\":false,\"store_locator_show_distance\":false,\"store_locator_category\":false,\"wpgmza_store_locator_use_their_location\":false,\"wpgmza_store_locator_bounce\":false,\"wpgmza_sl_animation\":null,\"wpgmza_store_locator_hide_before_search\":false,\"store_locator_query_string\":\"\",\"store_locator_location_placeholder\":\"\",\"store_locator_default_address\":\"\",\"store_locator_name_search\":false,\"store_locator_name_string\":\"\",\"store_locator_not_found_message\":\"\",\"wpgmza_map_align\":\"1\",\"jump_to_nearest_marker_on_initialization\":false,\"automatically_pan_to_users_location\":false,\"override_users_location_zoom_level\":false,\"override_users_location_zoom_levels\":\"\",\"show_distance_from_location\":false,\"map_max_zoom\":\"21\",\"map_min_zoom\":\"0\",\"click_open_link\":false,\"fit_maps_bounds_to_markers\":false,\"fit_maps_bounds_to_markers_after_filtering\":false,\"hide_point_of_interest\":false,\"wpgmza_zoom_on_marker_click\":false,\"wpgmza_zoom_on_marker_click_slider\":\"\",\"close_infowindow_on_map_click\":false,\"disable_lightbox_images\":false,\"use_Raw_Jpeg_Coordinates\":false,\"polygon_labels\":false,\"disable_polygon_info_windows\":false,\"enable_marker_ratings\":false,\"enable_marker_labels\":false,\"only_load_markers_within_viewport\":false,\"zoom_level_mobile_override_enabled\":false,\"zoom_level_mobile_override\":\"\",\"iw_primary_color\":\"#000000\",\"iw_accent_color\":\"#000000\",\"iw_text_color\":\"#000000\",\"wpgmza_listmarkers_by\":\"0\",\"wpgmza_marker_listing_position\":false,\"wpgmza_push_in_map\":false,\"wpgmza_push_in_map_placement\":null,\"wpgmza_push_in_map_width\":\"\",\"wpgmza_push_in_map_height\":\"\",\"zoom_level_on_marker_listing_override\":false,\"zoom_level_on_marker_listing_click\":\"\",\"marker_listing_disable_zoom\":false,\"datatable_no_result_message\":\"\",\"remove_search_box_datables\":false,\"dataTable_pagination_style\":null,\"datatable_search_string\":\"\",\"datatable_result_start\":\"\",\"datatable_result_of\":\"\",\"datatable_result_to\":\"\",\"datatable_result_total\":\"\",\"datatable_result_show\":\"\",\"datatable_result_entries\":\"\",\"wpgmza_savemap\":\"Zapisz map\\u0119 \\u00bb\"}}' data-map-id='1' Data-maps-engine='google-maps' data-shortcode-attributes='{\"id\":\"1\"}' style=\"display:block; overflow:auto; width:100%; height:200px; float:left;\"><\/div><\/div>\n<\/div>\n<\/div>\n<\/div>\n\n\n\n<hr class=\"wp-block-separator has-alpha-channel-opacity\"\/>\n\n\n\n<div class=\"wp-block-columns is-layout-flex wp-container-core-columns-is-layout-28f84493 wp-block-columns-is-layout-flex\">\n<div class=\"wp-block-column is-layout-flow wp-block-column-is-layout-flow\">\n<p>Centrum Medyczne Doktor A<br>ul. Trakt Brzeski 57B\/3<br>05-077 Warszawa<br>tel. 22 205 08 01<\/p>\n\n\n\n<p><a href=\"https:\/\/www.doktora.pl\/\" target=\"_blank\" rel=\"noopener\" title=\"\">www.doktora.pl<\/a><\/p>\n\n\n\n<p>Zabiegi flebologiczne, poradnia chirurgiczna i flebologiczna, badania endoskopowe<\/p>\n<\/div>\n\n\n\n<div class=\"wp-block-column is-layout-flow wp-block-column-is-layout-flow\">\n<figure class=\"wp-block-image size-full\"><img loading=\"lazy\" decoding=\"async\" width=\"799\" height=\"579\" src=\"https:\/\/drbartoszmalek.pl\/wp-content\/uploads\/2025\/04\/Zrzut-ekranu-2025-04-03-201730-doktora.png\" alt=\"\" class=\"wp-image-267\" srcset=\"https:\/\/drbartoszmalek.pl\/wp-content\/uploads\/2025\/04\/Zrzut-ekranu-2025-04-03-201730-doktora.png 799w, https:\/\/drbartoszmalek.pl\/wp-content\/uploads\/2025\/04\/Zrzut-ekranu-2025-04-03-201730-doktora-300x217.png 300w, https:\/\/drbartoszmalek.pl\/wp-content\/uploads\/2025\/04\/Zrzut-ekranu-2025-04-03-201730-doktora-768x557.png 768w, https:\/\/drbartoszmalek.pl\/wp-content\/uploads\/2025\/04\/Zrzut-ekranu-2025-04-03-201730-doktora-600x435.png 600w\" sizes=\"auto, (max-width: 799px) 100vw, 799px\" \/><\/figure>\n<\/div>\n<\/div>\n\n\n\n<hr class=\"wp-block-separator has-alpha-channel-opacity\"\/>\n\n\n\n<div class=\"wp-block-columns is-layout-flex wp-container-core-columns-is-layout-28f84493 wp-block-columns-is-layout-flex\">\n<div class=\"wp-block-column is-layout-flow wp-block-column-is-layout-flow\">\n<p>Centrum Medyczne J\u00f3zef\u00f3w<br>ul. Armii Krajowej 5<br>05-410 J\u00f3zef\u00f3w<br>tel. 25 63 33 555<\/p>\n\n\n\n<p><a href=\"https:\/\/centrum.med.pl\/\" target=\"_blank\" rel=\"noopener\" title=\"\">www.centrum.med.pl<\/a><\/p>\n\n\n\n<p>Poradnia chirurgiczna w ramach NFZ<\/p>\n<\/div>\n\n\n\n<div class=\"wp-block-column is-layout-flow wp-block-column-is-layout-flow\">\n<figure class=\"wp-block-image size-full\"><img loading=\"lazy\" decoding=\"async\" width=\"476\" height=\"319\" src=\"https:\/\/drbartoszmalek.pl\/wp-content\/uploads\/2024\/11\/mapa-cmj.png\" alt=\"\" class=\"wp-image-94\" srcset=\"https:\/\/drbartoszmalek.pl\/wp-content\/uploads\/2024\/11\/mapa-cmj.png 476w, https:\/\/drbartoszmalek.pl\/wp-content\/uploads\/2024\/11\/mapa-cmj-300x201.png 300w\" sizes=\"auto, (max-width: 476px) 100vw, 476px\" \/><\/figure>\n<\/div>\n<\/div>\n\n\n\n<hr class=\"wp-block-separator has-alpha-channel-opacity\"\/>\n\n\n\n<div class=\"wp-block-columns has-medium-font-size is-layout-flex wp-container-core-columns-is-layout-28f84493 wp-block-columns-is-layout-flex\">\n<div class=\"wp-block-column is-layout-flow wp-container-core-column-is-layout-8a368f38 wp-block-column-is-layout-flow\">\n<p>Europejskie Centrum Zdrowia w Otwocku <\/p>\n\n\n\n<p>ul. Borowa 14\/18<\/p>\n\n\n\n<p>05-400 Otwock<\/p>\n\n\n\n<p>tel. 22 710 33 33<\/p>\n\n\n\n<p>endoskopia@ecz-otwock.pl<\/p>\n\n\n\n<div style=\"height:18px\" aria-hidden=\"true\" class=\"wp-block-spacer\"><\/div>\n\n\n\n<p><a href=\"https:\/\/ecz-otwock.pl\" target=\"_blank\" rel=\"noopener\" title=\"\">www.ecz-otwock.pl<\/a><\/p>\n\n\n\n<div style=\"height:18px\" aria-hidden=\"true\" class=\"wp-block-spacer\"><\/div>\n\n\n\n<p>Badania endoskopowe w ramach NFZ &#8211; gastroskopia i kolonoskopia w znieczuleniu og\u00f3lnym<\/p>\n\n\n\n<p><\/p>\n<\/div>\n\n\n\n<div class=\"wp-block-column is-layout-flow wp-block-column-is-layout-flow\">\n<figure class=\"wp-block-image size-full is-resized\"><img loading=\"lazy\" decoding=\"async\" width=\"1029\" height=\"607\" src=\"https:\/\/drbartoszmalek.pl\/wp-content\/uploads\/2025\/04\/Zrzut-ekranu-2025-04-03-210519-ecz.png\" alt=\"\" class=\"wp-image-275\" style=\"object-fit:cover;width:250px;height:250px\" srcset=\"https:\/\/drbartoszmalek.pl\/wp-content\/uploads\/2025\/04\/Zrzut-ekranu-2025-04-03-210519-ecz.png 1029w, https:\/\/drbartoszmalek.pl\/wp-content\/uploads\/2025\/04\/Zrzut-ekranu-2025-04-03-210519-ecz-300x177.png 300w, https:\/\/drbartoszmalek.pl\/wp-content\/uploads\/2025\/04\/Zrzut-ekranu-2025-04-03-210519-ecz-1024x604.png 1024w, https:\/\/drbartoszmalek.pl\/wp-content\/uploads\/2025\/04\/Zrzut-ekranu-2025-04-03-210519-ecz-768x453.png 768w, https:\/\/drbartoszmalek.pl\/wp-content\/uploads\/2025\/04\/Zrzut-ekranu-2025-04-03-210519-ecz-600x354.png 600w\" sizes=\"auto, (max-width: 1029px) 100vw, 1029px\" \/><\/figure>\n<\/div>\n<\/div>\n\n\n\n<hr class=\"wp-block-separator has-alpha-channel-opacity\"\/>\n\n\n\n<p class=\"has-text-align-center has-large-font-size\"><a href=\"https:\/\/www.znanylekarz.pl\/bartosz-malek\/chirurg-flebolog\/warszawa\" target=\"_blank\" rel=\"noopener\" title=\"\">znanylekarz.pl<\/a><\/p>\n\n\n\n<hr class=\"wp-block-separator has-alpha-channel-opacity\"\/>\n\n\n\n<h2 class=\"wp-block-heading has-text-align-center has-large-font-size\">Formularz kontaktowy<\/h2>\n\n\n\n<div class=\"forminator-guttenberg\"><div class=\"forminator-ui forminator-custom-form forminator-custom-form-118 forminator-design--default  forminator_ajax\" data-forminator-render=\"0\" data-form=\"forminator-module-118\" data-uid=\"69e37bd2e28c7\"><br\/><\/div><form\n\t\t\t\tid=\"forminator-module-118\"\n\t\t\t\tclass=\"forminator-ui forminator-custom-form forminator-custom-form-118 forminator-design--default  forminator_ajax\"\n\t\t\t\tmethod=\"post\"\n\t\t\t\tdata-forminator-render=\"0\"\n\t\t\t\tdata-form-id=\"118\"\n\t\t\t\tenctype=\"multipart\/form-data\" data-color-option=\"theme\" data-design=\"default\" data-grid=\"open\" style=\"display: none;\"\n\t\t\t\tdata-uid=\"69e37bd2e28c7\"\n\t\t\t><div role=\"alert\" aria-live=\"polite\" class=\"forminator-response-message forminator-error\" aria-hidden=\"true\"><\/div><div class=\"forminator-row\"><div id=\"name-1\" class=\"forminator-field-name forminator-col forminator-col-12 \"><div class=\"forminator-field\"><label for=\"forminator-field-name-1_69e37bd2e28c7\" id=\"forminator-field-name-1_69e37bd2e28c7-label\" class=\"forminator-label\">Imi\u0119 <span class=\"forminator-required\">*<\/span><\/label><input type=\"text\" name=\"name-1\" value=\"\" placeholder=\"Na przyk\u0142ad: Jan\" id=\"forminator-field-name-1_69e37bd2e28c7\" class=\"forminator-input forminator-name--field\" aria-required=\"true\" autocomplete=\"name\" \/><\/div><\/div><\/div><div class=\"forminator-row\"><div id=\"email-1\" class=\"forminator-field-email forminator-col forminator-col-12 \"><div class=\"forminator-field\"><label for=\"forminator-field-email-1_69e37bd2e28c7\" id=\"forminator-field-email-1_69e37bd2e28c7-label\" class=\"forminator-label\">Adres e-mail <span class=\"forminator-required\">*<\/span><\/label><input type=\"email\" name=\"email-1\" value=\"\" placeholder=\"Na przyk\u0142ad: jan@kowalski.com\" id=\"forminator-field-email-1_69e37bd2e28c7\" class=\"forminator-input forminator-email--field\" data-required=\"true\" aria-required=\"true\" autocomplete=\"email\" \/><\/div><\/div><\/div><div class=\"forminator-row\"><div id=\"phone-1\" class=\"forminator-field-phone forminator-col forminator-col-12 \"><div class=\"forminator-field\"><label for=\"forminator-field-phone-1_69e37bd2e28c7\" id=\"forminator-field-phone-1_69e37bd2e28c7-label\" class=\"forminator-label\">Numer telefonu<\/label><input type=\"text\" name=\"phone-1\" value=\"\" placeholder=\"Przyk\u0142ad. +48 100 200 300\" id=\"forminator-field-phone-1_69e37bd2e28c7\" class=\"forminator-input forminator-field--phone\" data-required=\"\" aria-required=\"false\" autocomplete=\"off\" \/><\/div><\/div><\/div><div class=\"forminator-row\"><div id=\"textarea-1\" class=\"forminator-field-textarea forminator-col forminator-col-12 \"><div class=\"forminator-field\"><label for=\"forminator-field-textarea-1_69e37bd2e28c7\" id=\"forminator-field-textarea-1_69e37bd2e28c7-label\" class=\"forminator-label\">Wiadomo\u015b\u0107 <span class=\"forminator-required\">*<\/span><\/label><textarea name=\"textarea-1\" placeholder=\"Wpisz swoj\u0105 wiadomo\u015b\u0107...\" id=\"forminator-field-textarea-1_69e37bd2e28c7\" class=\"forminator-textarea\" rows=\"6\" style=\"min-height:140px;\" ><\/textarea><\/div><\/div><\/div><div class=\"forminator-row\"><div id=\"upload-1\" class=\"forminator-field-upload forminator-col forminator-col-12 \"><div class=\"forminator-field\"><label for=\"forminator-field-upload-1_69e37bd2e28c7\" id=\"forminator-field-upload-1_69e37bd2e28c7-label\" class=\"forminator-label\">Prze\u015blij plik<\/label><div class=\"forminator-file-upload \" data-element=\"upload-1_69e37bd2e28c7\"><input type=\"file\" name=\"upload-1\" id=\"forminator-field-upload-1_69e37bd2e28c7\" class=\"forminator-input-file\" accept=\".jpg,.jpeg,.jpe,.avif,.heif,.heics,.heifs,.pdf,.tar,.zip,.gz,.gzip,.7z,.doc,.docx,.odt\" tabindex=\"-1\"><button id=\"forminator-field-upload-1_69e37bd2e28c7_button\" class=\"forminator-button forminator-button-upload\" data-id=\"forminator-field-upload-1_69e37bd2e28c7\">Wybierz plik<\/button><span data-empty-text=\"Nie wybrano \u017cadnego pliku\">Nie wybrano \u017cadnego pliku<\/span><button class=\"forminator-button-delete\" style=\"display: none;\"><i class=\"forminator-icon-close\" aria-hidden=\"true\"><\/i><span class=\"forminator-screen-reader-only\">Usu\u0144 przes\u0142any plik<\/span><\/button><\/div><\/div><\/div><\/div><div class=\"forminator-row\"><div id=\"captcha-1\" class=\"forminator-field-captcha forminator-col forminator-col-12 \"><div class=\"forminator-captcha-left forminator-g-recaptcha recaptcha-invisible\" data-theme=\"light\" data-badge=\"inline\" data-sitekey=\"6LeJ1I4qAAAAAKuZSABX6NyJ6yJunB9zr_-PuA6N\" data-size=\"invisible\"><\/div> <\/div><\/div><input type=\"hidden\" name=\"referer_url\" value=\"\" \/><div class=\"forminator-row forminator-row-last\"><div class=\"forminator-col\"><div class=\"forminator-field\"><button class=\"forminator-button forminator-button-submit\">Wy\u015blij wiadomo\u015b\u0107<\/button><\/div><\/div><\/div><input type=\"hidden\" id=\"forminator_nonce\" name=\"forminator_nonce\" value=\"2a8ccb32f6\" \/><input type=\"hidden\" name=\"_wp_http_referer\" value=\"\/index.php\/wp-json\/wp\/v2\/pages\/45\" \/><input type=\"hidden\" name=\"form_id\" value=\"118\"><input type=\"hidden\" name=\"page_id\" value=\"45\"><input type=\"hidden\" name=\"form_type\" value=\"default\"><input type=\"hidden\" name=\"current_url\" value=\"https:\/\/drbartoszmalek.pl\/index.php\/kontakt\/\"><input type=\"hidden\" name=\"render_id\" value=\"0\"><input type=\"hidden\" name=\"action\" value=\"forminator_submit_form_custom-forms\"><\/form><\/div>\n","protected":false},"excerpt":{"rendered":"<p>Szpital \u015aw. El\u017cbiety Lux Med Onkologiaul. Goszczy\u0144skiego 102-616 Warszawatel. 22 120-20-37 www.szpitalse.pl Operacje w zakresie chirurgii og\u00f3lnej w trybie komercyjnym i NFZ, zabiegi flebologiczne, poradnia chirurgiczna i flebologiczna Centrum Medyczne Doktor Aul. Trakt Brzeski 57B\/305-077 Warszawatel. 22 205 08 01 www.doktora.pl Zabiegi flebologiczne, poradnia chirurgiczna i flebologiczna, badania endoskopowe Centrum Medyczne J\u00f3zef\u00f3wul. Armii Krajowej 505-410 [&hellip;]<\/p>\n","protected":false},"author":1,"featured_media":0,"parent":0,"menu_order":0,"comment_status":"closed","ping_status":"closed","template":"","meta":{"two_page_speed":[],"footnotes":""},"class_list":["post-45","page","type-page","status-publish","hentry"],"aioseo_notices":[],"_links":{"self":[{"href":"https:\/\/drbartoszmalek.pl\/index.php\/wp-json\/wp\/v2\/pages\/45","targetHints":{"allow":["GET"]}}],"collection":[{"href":"https:\/\/drbartoszmalek.pl\/index.php\/wp-json\/wp\/v2\/pages"}],"about":[{"href":"https:\/\/drbartoszmalek.pl\/index.php\/wp-json\/wp\/v2\/types\/page"}],"author":[{"embeddable":true,"href":"https:\/\/drbartoszmalek.pl\/index.php\/wp-json\/wp\/v2\/users\/1"}],"replies":[{"embeddable":true,"href":"https:\/\/drbartoszmalek.pl\/index.php\/wp-json\/wp\/v2\/comments?post=45"}],"version-history":[{"count":23,"href":"https:\/\/drbartoszmalek.pl\/index.php\/wp-json\/wp\/v2\/pages\/45\/revisions"}],"predecessor-version":[{"id":278,"href":"https:\/\/drbartoszmalek.pl\/index.php\/wp-json\/wp\/v2\/pages\/45\/revisions\/278"}],"wp:attachment":[{"href":"https:\/\/drbartoszmalek.pl\/index.php\/wp-json\/wp\/v2\/media?parent=45"}],"curies":[{"name":"wp","href":"https:\/\/api.w.org\/{rel}","templated":true}]}}